 a prime number?
True
Is 104457989 composite?
False
Is 11424331 composite?
False
Is 70129537 composite?
False
Is 3580805 composite?
True
Is 6795641 composite?
True
Is 143758837 prime?
False
Is 24359233 prime?
False
Is 71062139 a composite number?
True
Is 1510231 composite?
True
Is 9025981 composite?
True
Is 133877399 composite?
False
Is 197146291 a composite number?
True
Is 125824163 composite?
False
Is 6686585 composite?
True
Is 1059059 composite?
False
Is 14795273 a prime number?
True
Is 117075307 prime?
True
Is 111885379 a composite number?
False
Is 1489765 a composite number?
True
Is 104138347 a prime number?
False
Is 47857837 a prime number?
False
Is 19375357 prime?
False
Is 116900803 a prime number?
False
Is 41778481 prime?
True
Is 3827963 a prime number?
False
Is 749383 a prime number?
True
Is 750327 prime?
False
Is 4325109 composite?
True
Is 5679577 a composite number?
False
Is 17589487 prime?
True
Is 2125198 composite?
True
Is 896037 a prime number?
False
Is 3750287 composite?
True
Is 287999 a prime number?
False
Is 11325889 a composite number?
False
Is 8158061 composite?
False
Is 2324209 composite?
True
Is 412763 a composite number?
True
Is 79087331 a prime number?
True
Is 517301 composite?
True
Is 9060157 a prime number?
False
Is 6746281 prime?
True
Is 7255802 composite?
True
Is 19218421 composite?
False
Is 75481567 prime?
False
Is 3914377 prime?
True
Is 9264911 a composite number?
True
Is 6203363 a prime number?
False
Is 834451 prime?
False
Is 2507473963 a composite number?
False
Is 17620103 a prime number?
False
Is 6477899 prime?
False
Is 15943159 a composite number?
False
Is 2248633 a prime number?
True
Is 35413351 composite?
True
Is 78386657 a prime number?
True
Is 287911817 composite?
False
Is 2995327 a prime number?
False
Is 44472577 prime?
False
Is 1203329 prime?
True
Is 19205311 a prime number?
True
Is 22757329 a composite number?
True
Is 85027627 a composite number?
False
Is 260631337 a composite number?
True
Is 1657739 composite?
True
Is 5200061 a composite number?
False
Is 35781499 a prime number?
False
Is 85231222 a composite number?
True
Is 354383 a prime number?
True
Is 3785659 prime?
False
Is 193147909 prime?
False
Is 664949513 prime?
True
Is 274451069 prime?
False
Is 445258553 prime?
True
Is 946763369 a composite number?
True
Is 25529531 a prime number?
True
Is 25050923 composite?
True
Is 500217803 a composite number?
False
Is 72477107 prime?
False
Is 223236701 a composite number?
True
Is 1303427 a prime number?
True
Is 48893 composite?
True
Is 1628677 composite?
True
Is 1706777 a composite number?
False
Is 8312921 composite?
False
Is 4952242 composite?
True
Is 10618711 prime?
False
Is 120371 a composite number?
False
Is 1309994773 composite?
False
Is 421937 a composite number?
True
Is 143977469 a composite number?
False
Is 14648687 a composite number?
False
Is 553053 composite?
True
Is 2948723 a prime number?
True
Is 251149333 a composite number?
True
Is 549959 a prime number?
False
Is 1570327 a prime number?
False
Is 14172089 a composite number?
True
Is 48420973 a composite number?
True
Is 7490683 prime?
True
Is 75588523 a composite number?
False
Is 78740777 prime?
False
Is 767443 a composite number?
False
Is 5115067 composite?
False
Is 127637 a composite number?
False
Is 5523659 prime?
False
Is 381571 a prime number?
False
Is 3638839 composite?
True
Is 4809269 prime?
False
Is 967045817 a composite number?
False
Is 469919 prime?
True
Is 60242349 a composite number?
True
Is 34570423 a composite number?
False
Is 4426603 a prime number?
False
Is 17530853 a prime number?
False
Is 10555309 a composite number?
True
Is 1165151 prime?
False
Is 16686053 a composite number?
False
Is 88448993 a composite number?
False
Is 102430949 a prime number?
True
Is 345924463 composite?
False
Is 6159394 prime?
False
Is 849971 a composite number?
True
Is 1605593 a prime number?
False
Is 1161557 a composite number?
True
Is 30141539 a prime number?
True
Is 202327891 prime?
False
Is 67374331 prime?
False
Is 9867535 a prime number?
False
Is 41445119 composite?
False
Is 7693151 a prime number?
False
Is 145852351 composite?
True
Is 30680899 composite?
False
Is 547693357 composite?
False
Is 17259631 a composite number?
True
Is 12196079 composite?
True
Is 21266911 a composite number?
False
Is 18625153 composite?
False
Is 1516373 a composite number?
True
Is 1956517 composite?
False
Is 2563601 prime?
True
Is 39034867 a prime number?
True
Is 60922739 composite?
False
Is 8738141 composite?
True
Is 206069 a prime number?
True
Is 2653789 prime?
True
Is 72337 a prime number?
True
Is 250157 composite?
True
Is 10408649 a prime number?
True
Is 78443819 composite?
True
Is 538400551 a prime number?
False
Is 17647603 a prime number?
True
Is 2875129 a composite number?
True
Is 4629563 a composite number?
False
Is 846113 a prime number?
True
Is 1189151 prime?
True
Is 20835389 prime?
True
Is 212705189 composite?
True
Is 122258489 a prime number?
True
Is 1417277 composite?
True
Is 5212469 prime?
True
Is 501704395 a prime number?
False
Is 147707 a prime number?
False
Is 19260341 a composite number?
False
Is 67262617 prime?
False
Is 1103789 a composite number?
True
Is 65343763 composite?
False
Is 377302045 a prime number?
False
Is 6087143 a prime number?
False
Is 1103231 composite?
True
Is 71322793 a prime number?
False
Is 2840911 prime?
True
Is 12150707 prime?
True
Is 99481363 a prime number?
True
Is 2750997 composite?
True
Is 2822791 composite?
False
Is 5614993 composite?
False
Is 2761691 a composite number?
True
Is 3300379 a composite number?
True
Is 3719531 prime?
True
Is 30614179 prime?
False
Is 4485353 a composite number?
False
Is 282787762 prime?
False
Is 1971038 prime?
False
Is 20515051 a composite number?
False
Is 374577213 prime?
False
Is 462713 a composite number?
False
Is 8205179 prime?
True
Is 153659621 composite?
False
Is 10844927 a composite number?
True
Is 7200967 a composite number?
True
Is 59173483 composite?
False
Is 60236417 prime?
False
Is 3400589 a prime number?
True
Is 8752727 a prime number?
False
Is 87977641 a prime number?
False
Is 2301055 prime?
False
Is 200528695 prime?
False
Is 43917617 composite?
False
Is 31784383 composite?
False
Is 1462655 a prime number?
False
Is 5596249 prime?
True
Is 2423453 a composite number?
False
Is 20821763 a composite number?
False
Is 86544571 a prime number?
True
Is 939359 a composite number?
False
Is 12425645 a prime number?
False
Is 318058189 a composite number?
False
Is 37000559 a prime number?
True
Is 9277493 a composite number?
True
Is 113841913 composite?
True
Is 1983253 a composite number?
False
Is 79893427 a prime number?
True
Is 193310057 a composite number?
False
Is 91736453 a composite number?
False
Is 1697953 prime?
True
Is 3075797 a composite number?
False
Is 892651 prime?
False
Is 66603871 a composite number?
False
Is 108566791 composite?
True
Is 9599797 prime?
False
Is 69954503 a composite number?
True
Is 1179623 prime?
False
Is 632189 composite?
False
Is 2748241 a prime number?
True
Is 11930599 composite?
True
Is 19398383 a composite number?
False
Is 91951609 prime?
True
Is 33839903 composite?
False
Is 5830523 a composite number?
True
Is 27601741 composite?
True
Is 273734641 composite?
False
Is 5072329 composite?
False
Is 13242587 composite?
False
Is 12080654 prime?
False
Is 2051389 prime?
False
Is 5885867 a composite number?
True
Is 4522379 prime?
True
Is 250121 prime?
False
Is 214653337 a prime number?
False
Is 272222294 composite?
True
Is 6035927 prime?
False
Is 943003 prime?
True
Is 34356929 composite?
True
Is 43055627 a composite number?
False
Is 106870781 a prime number?
False
Is 1524241 composite?
False
Is 7903517 a prime number?
True
Is 47840231 a composite number?
False
Is 1096787 composite?
False
Is 1183907 a prime number?
False
Is 22378703 a composite number?
True
Is 36598651 composite?
True
Is 76451071 composite?
True
Is 240832003 a composite number?
False
Is 43985537 a prime number?
True
Is 349723657 prime?
False
Is 621851293 a composite number?
True
Is 165840413 prime?
True
Is 7549921 a composite number?
True
Is 75965209 a prime number?
True
Is 39805739 prime?
True
Is 76820647 a composite number?
True
Is 62225519 prime?
True
Is 13341721 prime?
True
Is 1054421 a composite n